{"id":821,"date":"2024-08-09T18:29:05","date_gmt":"2024-08-09T15:29:05","guid":{"rendered":"https:\/\/pilotechturkey.com\/?post_type=product&#038;p=821"},"modified":"2026-01-08T20:42:33","modified_gmt":"2026-01-08T17:42:33","slug":"lightspeed-sierra-anr-aviation-headset","status":"publish","type":"product","link":"https:\/\/pilotechturkey.com\/?product=lightspeed-sierra-anr-aviation-headset","title":{"rendered":"Lightspeed Sierra ANR Aviation Headset"},"content":{"rendered":"<h2>Detaylar<\/h2>\n<div class=\"std\">\n<p><span class=\"y2iqfc\">Sierra, premium ANR kulakl\u0131\u011f\u0131na y\u00fckseltme yapan t\u00fcm pilotlar i\u00e7in ideal se\u00e7imdir. Bu kulakl\u0131k siz ve yolcunuz i\u00e7in daha iyi bir deneyim sa\u011flar.<\/span><\/p>\n<p><span class=\"y2iqfc\">Sessiz ve konforlu Sierra ANR birinci s\u0131n\u0131f kulakl\u0131k, Bluetooth ba\u011flant\u0131s\u0131, ComPriority&#x2122;, yumu\u015fak kulak contalar\u0131 ve sol veya sa\u011f mikrofon yerle\u015fimi i\u00e7in tasarlanm\u0131\u015f ters \u00e7evrilebilir kafa band\u0131 gibi y\u00fcksek kaliteli \u00f6zelliklerin yan\u0131 s\u0131ra paran\u0131z\u0131n tam kar\u015f\u0131l\u0131\u011f\u0131n\u0131 sunar. Lightspeed&#8217;in yenilik\u00e7i ANR teknolojisinin t\u00fcm\u00fc, dayan\u0131kl\u0131, fiberle g\u00fc\u00e7lendirilmi\u015f polimer yap\u0131yla desteklenir. Hem kaliteli hem de uygun fiyatl\u0131 bir ANR kulakl\u0131\u011f\u0131 aray\u0131\u015f\u0131n\u0131z burada sona eriyor.<\/span><\/p>\n<p id=\"tw-target-text\" data-placeholder=\"Translation\"><span class=\"y2iqfc\">Sierra, Apple iPad ve iPhone i\u00e7in ilk u\u00e7ak i\u00e7i kokpit kay\u0131t uygulamas\u0131 olan FlightLink&#x2122; ile uyumludur.<\/span><\/p>\n<p><span class=\"y2iqfc\">Tam Bluetooth entegrasyonuyla mobil cihazlarda \u00fcst\u00fcn \u00e7a\u011fr\u0131 netli\u011finin, m\u00fczik do\u011frulu\u011funun ve havac\u0131l\u0131k uygulamalar\u0131ndan \u00f6nemli sesli uyar\u0131lara kablosuz eri\u015fimin keyfini \u00e7\u0131kar\u0131n<\/span><\/p>\n<p data-placeholder=\"Translation\"><span class=\"y2iqfc\">\u00a0<\/span><\/p>\n<p data-placeholder=\"Translation\"><strong>A\u011f\u0131rl\u0131k\u00a0<\/strong><span class=\"y2iqfc\">:16 ons<br \/>\n<\/span><strong>Boyutlar:\u00a0<\/strong><span class=\"y2iqfc\">13 \u00d7 11 \u00d7 5 in\u00e7<\/span><\/p>\n<p id=\"tw-target-text\" data-placeholder=\"Translation\"><strong>ANA \u00d6ZELL\u0130KLER<\/strong><\/p>\n<p><strong>\u00dcst\u00fcn Sessizlik\u00a0<\/strong><span class=\"y2iqfc\">\u00c7ok \u00e7e\u015fitli d\u00fc\u015f\u00fck frekansl\u0131 seslerde aktif g\u00fcr\u00fclt\u00fc engelleme, Sierra&#8217;ya en son teknolojiyi getiriyor.<\/span><\/p>\n<p><strong>Konfor ve Dayan\u0131kl\u0131l\u0131k<\/strong><br \/>\n<span class=\"y2iqfc\">Sierra yaln\u0131zca 16 ons a\u011f\u0131rl\u0131\u011f\u0131ndad\u0131r ve ba\u015f\u0131n\u0131za kolayca oturur. Kulak contalar\u0131 yakla\u015f\u0131k 10 in\u00e7 karelik y\u00fczey alan\u0131n\u0131 kaplayarak daha iyi bir s\u0131zd\u0131rmazl\u0131k ve yanal bas\u0131nc\u0131n daha iyi da\u011f\u0131l\u0131m\u0131n\u0131 sa\u011flar.<\/span><\/p>\n<p><strong>ComPriority<\/strong><br \/>\n<span class=\"y2iqfc\">\u00d6nemli radyo mesajlar\u0131n\u0131 bir daha asla ka\u00e7\u0131rmay\u0131n. ComPriority, radyo veya interkom iletimleri s\u0131ras\u0131nda t\u00fcm yard\u0131mc\u0131 cihazlar\u0131n ses seviyesini otomatik olarak azaltan Lightspeed patentli teknolojiye sahiptir.<\/span><\/p>\n<p><strong>Ters \u00c7evrilebilir Mikrofon<\/strong><br \/>\n<span class=\"y2iqfc\">Benzersiz tasar\u0131m\u0131m\u0131z, mikrofonun sa\u011fa veya sola yerle\u015ftirilmesine olanak tan\u0131yarak teknolojiyle yan\u0131n\u0131za u\u00e7man\u0131za olanak tan\u0131r.<\/span><\/p>\n<p><strong>Cep Telefonu ve M\u00fczik Ba\u011flant\u0131s\u0131<\/strong><br \/>\n<span class=\"y2iqfc\">Tam Bluetooth ba\u011flant\u0131s\u0131na ek olarak Sierra, cep telefonu, iPad veya m\u00fczik\/ses cihaz\u0131n\u0131n kolay ba\u011flanmas\u0131na olanak tan\u0131yan yerle\u015fik bir yard\u0131mc\u0131 kontrol kutusu giri\u015fi sunar.<\/span><\/p>\n<p><strong>FlightLink\u00a0<\/strong><span class=\"y2iqfc\">Birlikte verilen yama kablosunu kullanarak Lightspeed&#8217;in Apple iPad ve iPhone i\u00e7in \u00fccretsiz FlightLink kay\u0131t uygulamas\u0131yla ilk ve geli\u015fmi\u015f ileti\u015fimleri yakalay\u0131n. Bu uygulama yaln\u0131zca Lightspeed kulakl\u0131klar i\u00e7in kullan\u0131labilir.<\/span><\/p>\n<p><strong>Birlikte Verilen Aksesuarlar\u00a0<\/strong><span class=\"y2iqfc\">Her Sierra USB adapt\u00f6r\u00fcyle birlikte bir m\u00fczik\/ses ba\u011flant\u0131 kablosu, bir kablo klipsi, iki adet AA pil, bir ta\u015f\u0131ma \u00e7antas\u0131 ve bir k\u00f6p\u00fck \u00f6n cam dahildir<\/span><\/p>\n<\/div>\n","protected":false},"excerpt":{"rendered":"<p>Detaylar Sierra, premium ANR kulakl\u0131\u011f\u0131na y\u00fckseltme yapan t\u00fcm pilotlar i\u00e7in ideal se\u00e7imdir. Bu kulakl\u0131k siz ve yolcunuz i\u00e7in daha iyi&hellip;<\/p>\n","protected":false},"featured_media":822,"comment_status":"open","ping_status":"closed","template":"","meta":[],"product_brand":[],"product_cat":[85],"product_tag":[42,78,95,96,97,94,93,98],"class_list":{"0":"post-821","1":"product","2":"type-product","3":"status-publish","4":"has-post-thumbnail","6":"product_cat-lightspeed","7":"product_tag-bose","8":"product_tag-lightspeed","9":"product_tag-lightspeed-sierra","10":"product_tag-lightspeed-sierra-3","11":"product_tag-lightspeed-sierra-3-anr","12":"product_tag-lightspeed-sierra-anr","13":"product_tag-lightspeed-sierra-anr-aviation-headset","14":"product_tag-lightspeed-zulu","16":"first","17":"instock","18":"shipping-taxable","19":"purchasable","20":"product-type-simple"},"jetpack_sharing_enabled":true,"_links":{"self":[{"href":"https:\/\/pilotechturkey.com\/index.php?rest_route=\/wp\/v2\/product\/821","targetHints":{"allow":["GET"]}}],"collection":[{"href":"https:\/\/pilotechturkey.com\/index.php?rest_route=\/wp\/v2\/product"}],"about":[{"href":"https:\/\/pilotechturkey.com\/index.php?rest_route=\/wp\/v2\/types\/product"}],"replies":[{"embeddable":true,"href":"https:\/\/pilotechturkey.com\/index.php?rest_route=%2Fwp%2Fv2%2Fcomments&post=821"}],"wp:featuredmedia":[{"embeddable":true,"href":"https:\/\/pilotechturkey.com\/index.php?rest_route=\/wp\/v2\/media\/822"}],"wp:attachment":[{"href":"https:\/\/pilotechturkey.com\/index.php?rest_route=%2Fwp%2Fv2%2Fmedia&parent=821"}],"wp:term":[{"taxonomy":"product_brand","embeddable":true,"href":"https:\/\/pilotechturkey.com\/index.php?rest_route=%2Fwp%2Fv2%2Fproduct_brand&post=821"},{"taxonomy":"product_cat","embeddable":true,"href":"https:\/\/pilotechturkey.com\/index.php?rest_route=%2Fwp%2Fv2%2Fproduct_cat&post=821"},{"taxonomy":"product_tag","embeddable":true,"href":"https:\/\/pilotechturkey.com\/index.php?rest_route=%2Fwp%2Fv2%2Fproduct_tag&post=821"}],"curies":[{"name":"wp","href":"https:\/\/api.w.org\/{rel}","templated":true}]}}